MONTHLY CLIMATOLOGICAL SUMMARY for OCT. 2010

NAME: KF4QFZ - Roger   CITY: Bartlett STATE: Tennessee
ELEV: 338 LAT: 35.210546W LONG: 89.822957N

                            TEMPERATURE ( F), RAIN (in.), WIND SPEED (mph)

                                                 HEAT     COOL           AVG
      MEAN                                       DEG      DEG            WIND                        DOM
DAY   TEMP    HIGH   TIME      LOW     TIME      DAYS     DAYS   RAIN    SPEED    HIGH    TIME       DIR
----------------------------------------------------------------------------------------------------------------------------------------------------------
01    65.1    78.6   15:45    49.3   07:09     00.0     00.2   00.00   05.0     28.8    17:12     NNW
02    56.2    64.6   15:12    46.8   07:38     08.7     00.0   00.00   05.3     24.1    13:11     NNW
03    54.3    66.4   15:10    41.4   07:25     10.7     00.0   00.00   02.7     17.3    14:26     NNW
04    56.4    71.6   15:06    42.3   07:17     08.6     00.0   00.00   02.2     19.6    16:07     NNW
05    59.1    75.9   15:56    43.0   07:01     05.8     00.0   00.00   01.8     14.9    13:46     NNW
06    66.3    84.6   14:44    49.8   07:08     00.0     01.4   00.00   01.7     13.8    15:46      NW
07    70.3    85.6   15:13    55.9   07:36     00.0     05.3   00.00   01.5     13.8    14:20      NW
08    69.1    87.3   14:35    53.2   07:24     00.0     04.1   00.00   01.1     12.7    12:53      NW
09    71.8    89.1   14:10    56.5   07:18     00.0     06.9   00.00   01.0     11.5    15:32     NNW
10    73.5    87.3   15:21    63.1   06:59     00.0     08.6   00.00   02.6     19.6    14:47      NW
11    69.5    80.8   13:33    62.4   06:59     00.0     04.6   00.00   02.2     16.1    15:27      SW
12    65.5    79.0   15:30    55.2   07:06     00.0     00.6   00.00   03.4     18.4    19:25      SW
13    62.2    71.4   15:50    51.4   07:44     02.8     00.0   00.00   04.1     18.4    14:44     NNW
14    65.8    73.6   22:24    55.9   16:00     00.0     00.9   00.00   02.1     13.8    16:33     
15    61.0    76.8   15:18    44.2   07:30     04.0     00.0   00.00   01.4     11.5    15:03     NNW
16    63.5    82.8   15:00    48.2   07:34     01.4     00.0   00.00   01.2     11.5    14:33      NW
17    68.3    84.7   15:17    53.8   07:50     00.0     03.3   00.00   01.8     14.9    15:17     WSW
18    60.9    66.7   12:15    56.3   06:58     04.0     00.0   00.00   01.5     13.8    13:31      SW
19    61.2    73.8   15:21    49.1   07:38     03.7     00.0   00.00   01.4     13.8    13:29      NW
20    62.9    79.2   15:24    48.9   07:26     02.0     00.0   00.00   02.0     17.3    14:30     WNW
21    64.4    82.0   15:44    49.6   07:30     00.6     00.0   00.00   02.0     13.8    14:41      NW
22    69.6    82.0   14:47    60.6   02:59     00.0     04.7   00.00   03.5     19.6    13:37      SE
23    67.9    72.9   11:08    64.8   22:00     00.0     03.0   01.14   04.9     28.8    21:12     SSE
24    67.3    77.0   17:27    59.2   08:03     00.0     02.3   00.04   05.3     20.7    16:19     SSE
25    67.1    76.5   06:04    57.6   12:34     00.0     02.2   00.34   07.9     40.3    01:21     SSE
26    64.4    80.2   15:00    52.7   07:43     00.6     00.0   00.00   02.8     19.6    11:41      S 
27    58.0    63.7   22:01    49.3   21:53     06.9     00.0   00.00   04.6     21.9    16:34     SSW
28    49.0    60.4   15:56    38.8   07:37     15.9     00.0   00.00   02.0     13.8    14:30     NNW
29    50.5    67.6   15:04    36.0   07:04     14.5     00.0   00.00   02.7     20.7    12:35      N 
30    56.2    72.9   15:41    43.7   07:45     08.7     00.0   00.00   01.1     28.8    17:10     SSW
31    54.0    55.8   22:04    52.3   23:54     10.9     00.0   00.00   00.0     00.0    23:54      SW
----------------------------------------------------------------------------------------------------------------------------------------------------------
62.9 (63.6)   89.1  day 10     36.0  day 30   109.9    048.0   01.60   02.7     40.3   day 26     WNW
Max >=  86: 3
Min <=  86: 31
Max Rain: 1.14 ON 23-10-10
Days of Rain: 3 (> .008in) 2 (> .08in) 1 (> 0.8in)

Make your own free website on Tripod.com