MONTHLY CLIMATOLOGICAL SUMMARY for NOV. 2011

NAME: KF4QFZ - Roger   CITY: Bartlett STATE: Tennessee
ELEV: 338 LAT: 35.210546W LONG: 89.822957N

                            TEMPERATURE ( F), RAIN (in.), WIND SPEED (mph)

                                               HEAT     COOL           AVG
      MEAN                                     DEG      DEG            WIND                       DOM
DAY   TEMP    HIGH   TIME     LOW    TIME      DAYS     DAYS    RAIN   SPEED    HIGH    TIME      DIR
----------------------------------------------------------------------------------------------------------------------------------------------------------
01    56.7   070.5   15:02    41.4   07:38     08.2     00.0   00.00   02.9     18.4    13:19     SSE
02    52.3   062.8   03:43    47.1   22:00     12.7     00.0   00.29   08.2     27.6    03:48      SE
03    50.2   053.8   15:49    47.1   23:49     14.8     00.0   00.00   05.1     18.4    06:11     WNW
04    52.2   066.7   16:30    39.6   07:58     12.7     00.0   00.00   01.8     11.5    12:39     NNW
05    58.4   067.3   16:00    49.3   07:07     06.5     00.0   00.00   05.9     17.3    03:27      SE
06    65.7   075.6   14:05    57.7   06:49     00.0     00.8   00.00   05.4     16.1    14:48      SE
07    67.3   075.4   13:01    59.0   06:51     00.0     02.3   00.00   06.9     25.3    10:12     SSE
08    57.3   070.2   22:19    44.2   22:00     07.7     00.0   00.04   07.2     26.4    15:04     SSE
09    46.1   055.9   13:31    38.8   07:05     18.8     00.0   00.00   04.4     25.3    13:31     WNW
10    48.6   065.3   14:28    33.1   06:36     16.3     00.0   00.00   04.6     25.3    14:12     NNW
11    55.9   064.2   13:12    45.1   06:25     09.0     00.0   00.00   07.0     24.1    11:48      S 
12    66.7   073.8   14:50    59.4   01:10     00.0     01.8   00.00   12.1     35.6    17:54      S 
13    71.2   077.0   15:25    67.6   07:16     00.0     06.3   00.00   11.0     33.4    22:26      S 
14    61.3   069.8   22:02    59.0   07:51     03.7     00.0   00.34   03.1     19.6    00:14      S 
15    54.6   060.8   01:51    46.0   22:00     10.3     00.0   00.84   06.4     24.1    05:50     NNE
16    43.5   051.3   14:10    34.5   22:00     21.5     00.0   00.00   04.5     20.7    11:37      N 
17    43.3   057.6   14:41    30.4   05:57     21.7     00.0   00.00   04.1     17.3    20:31     NNW
18    57.5   068.5   14:51    47.1   06:06     07.5     00.0   00.00   08.6     26.4    10:54     SSE
19    63.2   067.6   15:50    59.5   05:52     01.7     00.0   00.25   06.0     17.3    23:58     SSE
20    64.5   066.6   03:00    62.1   10:03     00.4     00.0   01.77   02.8     24.1    04:45     SSE
21    61.2   064.9   05:22    54.5   22:00     03.8     00.0   00.63   06.9     34.5    05:06      S 
22    51.7   054.5   22:12    48.9   22:00     13.2     00.0   00.00   05.0     21.9    23:46     SSW
23    49.5   056.1   15:58    44.2   22:00     15.5     00.0   00.00   01.8     10.3    12:31      N 
24    52.3   066.2   14:41    40.6   07:11     12.6     00.0   00.00   04.5     20.7    12:30     ESE
25    63.0   072.0   13:27    57.4   22:32     01.9     00.0   00.55   09.1     28.8    15:43     SSE
26    44.6   057.7   22:24    39.0   22:00     20.3     00.0   00.42   06.8     21.9    06:25     SSE
27    36.7   038.8   22:01    33.8   22:00     28.2     00.0   00.17   07.6     24.1    13:23      N 
28    33.8   033.8   22:00    33.8   22:00     31.1     00.0   00.00   03.5     06.9    22:00     NNW
29    33.8   033.8   20:27    32.9   22:00     31.2     00.0   00.00   03.2     06.9    20:36     NNW
30    31.9   032.9   22:01    31.1   23:54     33.0     00.0   00.00   00.0     00.0    23:00     NNW
----------------------------------------------------------------------------------------------------------------------------------------------------------
53.2 (53.6)   77.0  day 14     30.4  day 18   364.3    011.2   05.48   05.5     35.7   day 13      S 
Min <=  86: 30
Max Rain: 1.77 ON 20-11-11
Days of Rain: 10 (> .008in) 9 (> .08in) 2 (> 0.8in)

Make your own free website on Tripod.com