MONTHLY CLIMATOLOGICAL SUMMARY for JAN. 2012

NAME: KF4QFZ - Roger   CITY: Bartlett STATE: Tennessee
ELEV: 338 LAT: 35.210546W LONG: 89.822957N

                            TEMPERATURE ( F), RAIN (in.), WIND SPEED (mph)

                                               HEAT     COOL           AVG
      MEAN                                     DEG      DEG            WIND                       DOM
DAY   TEMP    HIGH   TIME     LOW    TIME      DAYS     DAYS    RAIN   SPEED    HIGH    TIME      DIR
----------------------------------------------------------------------------------------------------------------------------------------------------------
01    45.4   062.6   00:59    33.4   22:00     19.5     00.0   00.00   10.7     34.5    13:54      NW
02    31.2   039.4   16:07    22.5   07:38     33.8     00.0   00.00   04.5     25.3    23:09     NNW
03    40.4   052.9   15:38    30.7   03:55     24.5     00.0   00.00   06.5     28.8    10:25      SW
04    42.2   055.8   12:55    30.9   07:24     22.7     00.0   00.00   02.4     13.8    12:14     SSW
05    50.7   066.7   15:06    35.4   06:52     14.3     00.0   00.00   05.5     24.1    13:37      S 
07    53.7   058.5   01:16    48.9   19:49     11.3     00.0   00.00   05.4     19.6    00:15     
08    49.8   055.6   13:20    45.5   05:52     15.2     00.0   00.00   04.1     17.3    11:59      NW
09    52.1   057.7   13:20    48.4   05:26     12.9     00.0   00.42   05.1     17.3    12:53      N 
10    48.4   053.4   22:43    45.3   10:47     16.6     00.0   00.04   04.9     18.4    14:47      NE
11    35.5   046.4   23:18    26.8   21:26     29.4     00.0   00.00   10.0     34.5    14:57      SW
12    31.6   039.7   14:54    26.1   07:31     33.3     00.0   00.00   06.4     21.9    10:40      NW
13    39.6   053.6   14:46    26.1   04:49     25.4     00.0   00.00   06.1     29.9    10:39      W 
14    42.1   054.0   15:20    30.6   06:43     22.9     00.0   00.00   05.8     18.4    20:52     WSW
15    58.2   066.6   15:33    49.8   22:25     06.8     00.0   00.00   12.2     33.4    12:43     SSE
16    57.9   070.3   11:33    34.9   22:00     07.0     00.0   00.00   13.7     36.8    02:54      S 
17    33.5   041.2   16:53    25.6   07:21     31.4     00.0   00.00   04.5     16.1    03:36      SW
18    43.7   059.4   14:50    30.7   04:27     21.3     00.0   00.00   04.8     24.1    14:16      N 
19    52.0   063.7   16:31    42.8   07:31     12.9     00.0   00.00   03.3     18.4    15:12      S 
20    37.7   057.4   22:01    32.7   07:55     27.2     00.0   00.00   07.1     24.1    23:42     ESE
21    49.7   067.3   21:00    36.3   22:11     15.3     00.0   00.04   09.0     39.1    20:51     NNE
22    52.6   067.8   22:27    42.3   22:00     12.3     00.0   00.00   08.0     47.1    22:31     SSE
23    44.9   058.1   14:58    32.5   07:45     20.1     00.0   00.00   02.4     14.9    14:42     WSW
24    47.5   051.6   20:48    42.1   08:25     17.4     00.0   00.29   05.7     19.6    02:05      NE
25    49.7   054.3   02:05    43.7   22:00     15.3     00.0   00.25   05.0     23.0    15:42      NE
26    44.9   055.4   15:03    36.3   07:10     20.0     00.0   00.00   02.6     14.9    13:38     NNW
27    43.1   049.1   04:13    33.8   22:00     21.9     00.0   00.00   06.8     33.4    04:58     SSW
28    40.9   055.6   15:39    28.0   06:21     24.0     00.0   00.00   05.2     24.1    14:53     NNW
29    49.4   064.0   14:39    36.9   07:09     15.6     00.0   00.00   07.1     28.8    15:51     SSW
30    58.1   069.3   13:47    48.7   06:24     06.9     00.0   00.00   10.6     31.1    14:29      S 
31    60.6   061.2   22:14    59.9   23:54     04.3     00.0   00.00   08.9     14.9    22:31      S 
----------------------------------------------------------------------------------------------------------------------------------------------------------
46.2 (46.9)   70.3  day 17     22.5  day 03   561.1    000.0   01.43   06.5     47.2   day 17      SW
Min <=  86: 30
Min <=  23: 1
Max Rain: 0.42 ON 9-01-12
Days of Rain: 5 (> .008in) 3 (> .08in) 0 (> 0.8in)

Make your own free website on Tripod.com