MONTHLY CLIMATOLOGICAL SUMMARY for DEC. 2009

NAME: KF4QFZ - Roger   CITY: Bartlett STATE: Tennessee
ELEV: 338 LAT: 35.210546W LONG: 89.822957N

                            TEMPERATURE ( F), RAIN (in.), WIND SPEED (mph)

                                                 HEAT     COOL           AVG
      MEAN                                       DEG      DEG            WIND                        DOM
DAY   TEMP    HIGH   TIME      LOW     TIME      DAYS     DAYS   RAIN    SPEED    HIGH    TIME       DIR
----------------------------------------------------------------------------------------------------------------------------------------------------------
01    43.0    52.3   14:54    31.6   06:06     22.0     00.0   00.50   03.7     20.7    16:19      E 
02    38.9    42.4   13:30    32.5   22:00     26.0     00.0   00.00   05.4     21.9    10:32     NNW
03    33.0    38.1   12:59    28.6   06:38     32.0     00.0   00.00   04.4     17.3    13:50     NNW
04    31.3    40.3   14:17    22.5   07:17     33.7     00.0   00.00   01.3     13.8    11:16     NNW
05    34.6    45.1   13:54    24.8   05:05     30.4     00.0   00.00   04.1     16.1    11:11     NNW
06    42.4    47.3   15:25    37.8   04:15     22.6     00.0   00.05   03.6     28.8    22:01     SSE
07    49.7    58.8   18:17    43.0   02:01     15.3     00.0   01.97   06.7     29.9    21:24     ENE
08    41.7    54.9   22:01    30.0   22:00     23.3     00.0   00.00   09.9     32.2    06:35     SSE
09    27.7    38.3   15:07    22.1   07:52     37.3     00.0   00.00   04.9     17.3    12:13      W 
10    30.8    41.2   15:06    21.0   04:40     34.1     00.0   00.00   03.1     17.3    13:35     NNW
11    38.7    45.1   22:00    32.4   01:32     26.3     00.0   00.21   06.5     21.9    10:16      SE
12    47.0    48.6   14:03    44.6   23:27     17.9     00.0   00.04   04.8     17.3    22:05      SE
13    53.8    62.1   12:05    48.2   22:00     11.1     00.0   00.00   06.6     23.0    09:43      S 
14    38.5    49.3   22:58    30.7   22:00     26.4     00.0   00.00   08.2     25.3    05:11     SSW
15    33.0    44.8   15:24    25.5   07:30     32.0     00.0   00.00   03.9     17.3    23:52      N 
16    38.2    47.3   15:53    29.1   02:32     26.8     00.0   00.00   01.2     09.2    19:29     NNE
17    45.8    57.2   14:18    37.9   07:53     19.2     00.0   00.00   02.2     15.0    14:30     ENE
18    37.8    42.4   23:37    34.7   22:00     27.1     00.0   00.00   09.5     23.0    09:25     NNW
19    33.7    38.1   13:32    31.1   21:55     31.2     00.0   00.00   05.2     18.4    23:03     NNW
20    38.7    52.9   15:08    29.3   07:20     26.2     00.0   00.00   01.5     10.4    15:04     WSW
21    46.3    59.5   15:15    34.0   06:22     18.7     00.0   00.00   04.3     17.3    13:43      W 
22    51.7    54.0   22:35    50.0   17:19     13.2     00.0   00.51   07.8     24.2    21:27     SSE
23    53.7    56.7   11:56    51.1   06:24     11.2     00.0   01.18   14.0     34.5    11:12     SSE
24    35.8    51.3   22:04    31.6   08:35     29.1     00.0   00.04   12.2     32.2    09:41     SSE
25    37.9    46.8   15:03    31.6   07:36     27.0     00.0   00.00   09.0     29.9    14:46     SSW
26    35.0    43.7   13:42    28.0   05:13     30.0     00.0   00.00   05.7     25.3    18:18     SSW
27    31.4    39.6   15:33    23.9   06:44     33.5     00.0   00.00   05.1     19.6    13:25      NW
28    32.7    37.9   15:27    28.0   07:45     32.3     00.0   00.00   02.9     17.3    09:54     WNW
29    39.8    45.1   11:29    35.2   23:52     25.1     00.0   00.08   05.8     20.7    12:47     NNE
30    43.7    46.0   13:25    40.6   22:00     21.2     00.0   00.00   05.1     18.4    19:25     SSE
31    40.0    40.6   22:01    39.4   23:54     24.9     00.0   00.00   06.7     15.0    22:57     NNW
----------------------------------------------------------------------------------------------------------------------------------------------------------
39.6 (40.3)   62.1  day 14     21.0  day 11   786.8    000.0   04.75   05.7     34.5   day 24     SSW
Min <=  86: 31
Min <=  23: 3
Max Rain: 1.97 ON 7-12-10
Days of Rain: 9 (> .008in) 6 (> .08in) 2 (> 0.8in)

Make your own free website on Tripod.com