MONTHLY CLIMATOLOGICAL SUMMARY for DEC. 2010

NAME: KF4QFZ - Roger   CITY: Bartlett STATE: Tennessee
ELEV: 338 LAT: 35.210546W LONG: 89.822957N

                            TEMPERATURE ( F), RAIN (in.), WIND SPEED (mph)

                                               HEAT     COOL           AVG
      MEAN                                     DEG      DEG            WIND                       DOM
DAY   TEMP    HIGH   TIME     LOW    TIME      DAYS     DAYS    RAIN   SPEED    HIGH    TIME      DIR
----------------------------------------------------------------------------------------------------------------------------------------------------------
02    41.9   043.9   20:39    39.4   20:34     23.0     00.0   00.00   00.0     00.0    22:00     
03    51.9   059.9   11:09    39.2   22:00     13.0     00.0   00.00   08.9     28.8    19:47     NNW
04    34.4   039.2   22:04    30.7   22:00     30.5     00.0   00.00   06.8     24.1    23:52      NW
05    29.2   034.9   15:17    23.4   06:01     35.7     00.0   00.00   03.3     26.4    09:29      N 
06    31.4   039.0   14:18    25.5   07:20     33.5     00.0   00.00   02.7     17.3    11:03     NNW
07    31.0   037.6   15:01    26.1   07:23     34.0     00.0   00.00   02.9     16.1    13:40      N 
08    33.3   045.7   13:26    22.5   04:56     31.6     00.0   00.00   03.9     14.9    13:37     NNW
09    41.9   054.0   13:29    32.7   03:32     23.0     00.0   00.00   04.5     16.1    12:31     SSE
10    48.5   054.0   16:54    40.6   22:00     16.5     00.0   00.84   07.5     48.3    19:10     SSE
11    28.5   040.5   22:01    24.4   22:00     36.5     00.0   00.00   12.6     34.5    12:54      S 
12    21.0   027.5   14:53    14.7   07:34     44.0     00.0   00.00   08.1     39.1    22:20     NNW
13    25.0   032.5   22:00    17.8   02:34     40.0     00.0   00.00   03.1     11.5    18:24     NNW
14    35.4   043.2   22:00    32.0   07:37     29.6     00.0   00.00   08.0     21.9    14:17     ESE
15    42.5   054.0   06:45    36.3   22:00     22.4     00.0   00.04   08.6     25.3    06:56      SE
16    35.5   041.9   14:39    31.6   07:22     29.4     00.0   00.00   05.7     18.4    13:15     NNW
17    34.1   040.8   15:00    29.8   07:55     30.8     00.0   00.00   04.2     17.3    14:57      N 
18    35.0   047.5   14:55    26.2   07:37     29.9     00.0   00.00   01.4     10.3    11:38      N 
19    42.1   052.3   22:00    32.2   03:32     22.9     00.0   00.00   06.0     20.7    18:59      SE
20    58.1   064.4   15:55    52.3   22:24     06.8     00.0   00.00   06.9     18.4    03:49     SSE
23    44.1   054.7   22:08    36.1   22:00     20.9     00.0   00.00   06.5     24.1    09:21     
24    32.8   032.9   21:00    32.7   22:00     32.1     00.0   00.00   10.2     21.9    21:15      N 
25    30.2   032.7   22:22    28.6   07:37     34.7     00.0   00.00   09.5     25.3    08:52      N 
26    29.8   038.7   14:52    21.9   07:42     35.2     00.0   00.00   02.3     12.7    22:12     NNW
27    34.5   046.4   14:53    23.0   05:11     30.5     00.0   00.00   03.8     17.3    14:04      N 
28    44.2   050.0   22:00    39.7   02:05     20.8     00.0   00.21   05.8     18.4    20:36     SSW
29    54.8   059.5   17:11    50.0   22:06     10.1     00.0   00.00   10.7     26.4    06:31     SSE
30    63.0   068.5   15:08    57.7   22:15     02.0     00.0   00.63   11.0     32.2    10:54     SSE
31    58.3   061.9   22:04    55.2   23:54     06.6     00.0   00.00   07.0     19.6    22:46     SSE
----------------------------------------------------------------------------------------------------------------------------------------------------------
38.8 (39.7)   68.5  day 31     14.7  day 13   756.8    000.0   02.19   06.2     48.3   day 12     N
Max <=  32: 1
Min <=  86: 29
Min <=  23: 5
Max Rain: 0.84 ON 10-12-11
Days of Rain: 4 (> .008in) 3 (> .08in) 1 (> 0.8in)

Make your own free website on Tripod.com