MONTHLY CLIMATOLOGICAL SUMMARY for DEC. 2011

NAME: KF4QFZ - Roger   CITY: Bartlett STATE: Tennessee
ELEV: 338 LAT: 35.210546W LONG: 89.822957N

                            TEMPERATURE ( F), RAIN (in.), WIND SPEED (mph)

                                               HEAT     COOL           AVG
      MEAN                                     DEG      DEG            WIND                       DOM
DAY   TEMP    HIGH   TIME     LOW    TIME      DAYS     DAYS    RAIN   SPEED    HIGH    TIME      DIR
----------------------------------------------------------------------------------------------------------------------------------------------------------
01    42.8   061.7   14:29    27.5   06:49     22.2     00.0   00.00   01.7     13.8    09:49     SSE
02    54.2   065.3   14:30    43.7   05:39     10.7     00.0   00.00   07.4     23.0    12:56      SE
03    55.8   060.3   03:47    50.7   21:39     09.1     00.0   01.01   08.9     28.8    03:22     SSE
04    41.5   051.4   23:51    36.3   17:04     23.4     00.0   01.64   08.4     28.8    03:55      SE
05    36.0   037.6   13:36    34.3   05:40     29.0     00.0   00.00   07.0     19.6    00:09      N 
06    34.0   037.0   22:08    31.8   08:36     31.0     00.0   00.17   04.0     16.1    12:39      N 
07    35.7   046.9   15:00    27.3   06:52     29.2     00.0   00.00   02.2     13.8    13:40     NNW
08    37.2   049.3   14:26    27.7   07:10     27.8     00.0   00.00   02.9     16.1    20:03     SSE
23    38.1   044.2   20:57    28.9   07:38     26.8     00.0   00.00   00.9     13.8    08:23     
24    45.2   053.6   15:32    39.9   01:47     19.7     00.0   00.00   01.3     12.7    11:30     NNW
25    41.7   048.4   13:31    36.0   04:39     23.2     00.0   00.59   04.0     19.6    05:35      NW
26    44.1   051.4   15:45    35.8   06:43     20.9     00.0   00.13   07.8     28.8    12:32     ESE
27    41.0   051.3   13:13    30.7   06:30     24.0     00.0   00.00   02.1     14.9    11:02     WNW
28    44.6   057.4   14:49    33.3   07:17     20.3     00.0   00.00   05.3     21.9    15:59     WSW
29    52.7   059.4   15:08    48.0   03:49     12.2     00.0   00.00   08.1     24.1    12:23      S 
30    51.7   064.6   14:32    35.8   07:07     13.2     00.0   00.00   05.5     19.6    15:48     SSW
31    59.5   062.1   23:54    58.8   23:19     05.5     00.0   00.00   08.4     14.9    22:07     SSE
----------------------------------------------------------------------------------------------------------------------------------------------------------
44.5 (45.0)   65.3  day 03     27.3  day 08   348.3    000.0   03.83   05.0     28.8   day 31     SSW
Min <=  86: 17
Max Rain: 1.64 ON 4-12-12
Days of Rain: 5 (> .008in) 5 (> .08in) 2 (> 0.8in)

Make your own free website on Tripod.com