MONTHLY CLIMATOLOGICAL SUMMARY for FEB. 2010

NAME: KF4QFZ - Roger   CITY: Bartlett STATE: Tennessee
ELEV: 338 LAT: 35.210546W LONG: 89.822957N

                            TEMPERATURE ( F), RAIN (in.), WIND SPEED (mph)

                                                 HEAT     COOL           AVG
      MEAN                                       DEG      DEG            WIND                        DOM
DAY   TEMP    HIGH   TIME      LOW     TIME      DAYS     DAYS   RAIN    SPEED    HIGH    TIME       DIR
----------------------------------------------------------------------------------------------------------------------------------------------------------
01    35.2    43.3   14:06    22.5   07:17     29.8     00.0   00.00   02.0     19.6    12:29      E 
02    35.3    45.0   14:15    25.9   07:07     29.7     00.0   00.00   02.9     13.8    15:02     NNW
03    37.9    41.0   18:01    35.2   09:02     27.0     00.0   00.34   03.8     13.8    09:08     NNE
04    41.3    44.9   12:06    38.4   22:00     23.6     00.0   00.55   04.8     20.7    21:03      NE
05    36.4    38.4   22:01    34.9   22:00     28.6     00.0   00.55   09.2     29.9    06:00      NW
06    32.7    38.7   14:14    27.9   06:06     32.2     00.0   00.55   03.6     16.1    13:02      N 
07    33.0    36.1   11:10    30.4   22:14     31.9     00.0   00.55   02.4     12.7    00:08      N 
08    29.6    32.7   23:25    26.1   09:42     35.3     00.0   00.29   08.9     29.9    21:26      E 
09    28.5    33.3   13:22    23.4   07:23     36.4     00.0   00.08   06.5     20.7    23:03      NW
10    30.4    37.8   13:18    25.5   07:24     34.6     00.0   00.00   01.5     11.5    15:30     NNW
11    33.9    39.7   15:05    29.0   07:09     31.1     00.0   00.00   03.5     15.0    18:08      NE
12    40.5    47.7   14:08    29.8   07:09     24.4     00.0   00.00   03.8     17.3    21:05     NNW
13    41.0    45.7   15:00    30.6   21:14     23.9     00.0   00.17   06.8     24.2    20:01      SW
14    27.0    31.1   22:01    24.1   04:03     37.9     00.0   00.17   07.0     26.5    16:03      W 
15    29.2    32.8   19:02    25.6   04:19     35.8     00.0   00.00   05.2     19.6    23:00      NW
16    33.2    42.7   17:13    22.7   07:02     31.7     00.0   00.00   03.5     19.6    14:15      NW
17    37.9    49.3   15:08    25.2   07:00     27.1     00.0   00.00   02.5     16.1    12:04      NW
18    42.9    58.5   15:05    27.7   07:08     22.1     00.0   00.00   01.8     13.8    13:04     NNW
19    52.7    63.0   15:52    41.2   23:02     12.3     00.0   00.00   05.1     17.3    14:36      SE
20    52.4    65.8   12:34    44.8   07:14     12.5     00.0   00.67   04.7     32.2    17:14      S 
21    43.2    51.4   23:33    38.1   09:18     21.7     00.0   00.00   07.4     21.9    05:36     SSE
22    36.8    40.5   22:09    30.9   07:09     28.1     00.0   00.00   06.0     19.6    22:05     NNW
23    32.3    37.1   22:01    28.1   07:18     32.6     00.0   00.00   06.0     26.5    09:20     NNW
24    32.4    41.8   15:13    23.5   07:03     32.5     00.0   00.00   03.2     15.0    13:12     NNW
25    39.2    49.5   15:14    30.0   02:05     25.8     00.0   00.00   02.5     13.8    14:02      N 
26    43.0    50.3   15:20    26.6   07:00     22.0     00.0   00.00   05.3     21.9    15:22     NNE
27    41.7    52.5   15:13    29.7   07:00     23.2     00.0   00.00   03.7     15.0    12:45     NNW
28    42.8    43.2   22:37    42.4   23:22     22.1     00.0   00.00   00.0     05.8    23:14     NNW
----------------------------------------------------------------------------------------------------------------------------------------------------------
37.2 (37.0)   65.8  day 21     22.5  day 01   776.1    000.0   02.36   04.4     32.2   day 21     NNW
Max <=  32: 1
Min <=  86: 28
Min <=  23: 2
Max Rain: 0.67 ON 20-02-10
Days of Rain: 10 (> .008in) 10 (> .08in) 0 (> 0.8in)

Make your own free website on Tripod.com