MONTHLY CLIMATOLOGICAL SUMMARY for FEB. 2011

NAME: KF4QFZ - Roger   CITY: Bartlett STATE: Tennessee
ELEV: 338 LAT: 35.210546W LONG: 89.822957N

                            TEMPERATURE ( F), RAIN (in.), WIND SPEED (mph)

                                               HEAT     COOL           AVG
      MEAN                                     DEG      DEG            WIND                       DOM
DAY   TEMP    HIGH   TIME     LOW    TIME      DAYS     DAYS    RAIN   SPEED    HIGH    TIME      DIR
----------------------------------------------------------------------------------------------------------------------------------------------------------
01    36.4   059.5   15:29    22.1   07:10     28.5     00.0   00.00   09.7     34.5    15:26     SSW
02    25.1   030.7   13:56    20.1   07:07     39.8     00.0   00.00   06.4     24.2    22:23     NNW
03    32.4   038.8   14:05    27.9   22:52     32.6     00.0   00.04   03.9     15.0    13:09     NNE
04    33.5   037.6   15:35    30.7   08:04     31.4     00.0   00.00   08.2     24.2    07:48      NE
05    40.5   054.9   15:16    30.2   02:51     24.4     00.0   00.00   04.2     16.1    13:13     SSW
06    35.8   043.0   22:04    30.7   10:45     29.1     00.0   00.13   04.6     26.5    08:50      S 
07    32.0   036.7   13:58    28.2   22:00     32.9     00.0   00.00   03.8     17.3    19:37     NNW
08    24.4   028.2   22:02    18.3   22:00     40.5     00.0   00.00   06.4     20.7    04:42     NNE
09    20.3   029.8   15:11    11.7   06:56     44.6     00.0   00.08   04.2     16.1    23:01     NNE
10    26.0   040.8   15:02    13.1   07:08     39.0     00.0   00.00   04.4     21.9    15:24     NNW
11    39.2   053.2   14:06    26.1   07:23     25.7     00.0   00.00   04.4     18.4    13:20      SW
12    49.1   064.2   15:08    36.0   06:05     15.8     00.0   00.00   08.9     28.8    16:50      SW
13    53.7   064.4   15:04    45.9   07:06     11.3     00.0   00.00   07.0     20.7    23:32     SSW
14    52.9   067.3   15:03    39.6   07:16     12.1     00.0   00.00   04.8     17.3    15:44      W 
15    60.6   071.6   14:13    52.7   01:05     04.3     00.0   00.00   07.4     23.0    13:35      SE
16    59.6   066.4   21:39    53.4   04:08     05.4     00.0   00.00   11.4     33.4    15:45      S 
17    63.3   071.2   15:11    55.9   22:00     01.6     00.0   00.00   06.8     20.7    04:02      S 
18    59.2   068.5   14:07    55.9   07:51     05.8     00.0   00.00   05.0     17.3    16:51      S 
19    63.3   075.6   12:59    53.2   04:23     01.7     00.0   00.00   09.3     34.5    12:33     ENE
20    62.2   066.4   11:49    51.6   22:00     02.7     00.0   00.04   11.8     34.5    00:09      S 
21    45.7   051.6   22:03    38.1   07:22     19.2     00.0   00.00   06.6     20.7    01:54     SSW
22    45.5   056.7   16:47    36.9   03:26     19.4     00.0   00.29   04.1     16.1    03:29      N 
23    61.0   072.9   18:19    52.5   22:15     04.0     00.0   00.84   07.6     52.9    19:03     ESE
24    43.2   060.6   22:42    39.0   08:52     21.7     00.0   00.00   07.7     48.3    23:29      S 
25    48.3   067.1   16:48    32.7   07:06     16.7     00.0   00.00   03.7     23.0    17:02      N 
26    65.3   072.7   16:00    55.0   22:35     00.0     00.3   00.04   08.0     55.2    12:28     SSE
27    59.0   071.2   03:00    40.8   22:00     05.9     00.0   00.25   11.3     33.4    12:23      S 
28    39.6   040.8   22:03    38.1   23:54     25.4     00.0   00.00   07.8     17.3    22:48      W 
----------------------------------------------------------------------------------------------------------------------------------------------------------
45.6 (46.4)   75.6  day 20     11.7  day 10   541.6    000.3   02.74   06.8     55.2   day 24      S 
Max <=  32: 3
Min <=  86: 28
Min <=  23: 5
Max Rain: 0.84 ON 23-02-11
Days of Rain: 8 (> .008in) 5 (> .08in) 1 (> 0.8in)

Make your own free website on Tripod.com