MONTHLY CLIMATOLOGICAL SUMMARY for FEB. 2012

NAME: KF4QFZ - Roger   CITY: Bartlett STATE: Tennessee
ELEV: 338 LAT: 35.210546W LONG: 89.822957N

                            TEMPERATURE ( F), RAIN (in.), WIND SPEED (mph)

                                               HEAT     COOL           AVG
      MEAN                                     DEG      DEG            WIND                       DOM
DAY   TEMP    HIGH   TIME     LOW    TIME      DAYS     DAYS    RAIN   SPEED    HIGH    TIME      DIR
----------------------------------------------------------------------------------------------------------------------------------------------------------
01    57.0   066.2   15:30    44.6   07:37     08.0     00.0   00.04   03.3     21.9    17:52      W 
02    53.4   057.6   12:03    49.3   04:42     11.5     00.0   00.04   07.0     23.0    20:41     ENE
03    57.2   061.2   16:14    51.4   22:00     07.8     00.0   00.59   07.1     25.3    18:41      SE
04    46.4   051.4   22:02    42.4   07:10     18.5     00.0   00.00   06.2     19.6    09:50      S 
05    45.2   052.5   14:55    39.6   22:00     19.7     00.0   00.00   04.5     19.6    10:58     NNW
06    43.1   056.1   14:14    31.5   07:11     21.9     00.0   00.00   02.3     19.6    16:15     NNW
07    42.7   046.9   22:35    38.5   22:00     22.2     00.0   00.00   05.7     19.6    13:35      N 
08    38.9   042.1   13:44    35.7   22:00     26.1     00.0   00.00   01.9     11.5    14:33      N 
09    37.6   042.1   12:42    32.7   04:06     27.3     00.0   00.00   04.1     33.4    21:46     NNE
10    28.8   038.5   22:01    23.4   08:12     36.2     00.0   00.00   10.6     32.2    09:17      W 
11    28.4   037.4   15:44    21.0   07:14     36.5     00.0   00.00   05.1     18.4    09:09      N 
12    32.5   040.6   13:59    24.2   03:06     32.4     00.0   00.25   06.0     19.6    19:48     NNW
13    41.2   048.2   13:39    35.8   22:04     23.7     00.0   00.00   03.7     17.3    01:28     SSE
14    45.7   055.4   13:18    36.1   22:23     19.2     00.0   00.34   04.1     17.3    15:43     WNW
15    51.4   054.5   16:02    45.6   22:00     13.6     00.0   00.04   04.5     19.6    08:11     SSE
16    47.3   056.5   16:07    39.2   07:32     17.7     00.0   00.00   02.6     14.9    09:38      N 
17    47.6   052.0   15:07    42.8   06:20     17.3     00.0   00.00   04.2     19.6    19:59     NNE
18    42.5   049.3   15:01    37.6   08:18     22.4     00.0   00.21   08.1     25.3    15:02     NNE
19    43.1   057.6   15:26    28.8   05:13     21.8     00.0   00.00   05.1     21.9    20:59      N 
20    49.9   055.8   11:14    46.6   07:13     15.1     00.0   00.00   06.6     32.2    00:27     SSE
21    54.4   060.8   19:00    46.2   00:17     10.6     00.0   00.38   05.7     34.5    04:40     SSW
22    63.6   077.0   14:40    50.2   05:05     01.3     00.0   00.00   10.0     44.9    14:21      S 
23    51.1   068.2   22:03    44.6   22:00     13.8     00.0   00.00   11.4     36.8    08:58     SSW
24    43.3   052.9   14:47    32.2   06:06     21.7     00.0   00.00   04.2     21.9    14:12      NW
25    50.0   065.3   15:27    35.6   06:57     15.0     00.0   00.00   07.2     27.6    13:07     NNW
26    56.6   069.4   14:55    43.5   06:59     08.3     00.0   00.00   04.0     14.9    15:25     SSE
27    59.8   072.0   12:44    48.7   03:24     05.2     00.0   00.00   06.7     23.0    19:39     ENE
28    67.9   072.5   16:30    57.4   22:00     00.0     02.9   00.00   12.5     47.1    03:23     SSE
29    54.1   057.4   22:01    51.4   23:54     10.9     00.0   00.00   00.0     00.0    23:00     SSW
----------------------------------------------------------------------------------------------------------------------------------------------------------
47.6 (47.8)   77.0  day 23     21.0  day 12   505.6    002.9   02.23   05.7     47.2   day 29      NW
Min <=  86: 29
Min <=  23: 1
Max Rain: 0.59 ON 3-02-12
Days of Rain: 8 (> .008in) 5 (> .08in) 0 (> 0.8in)

Make your own free website on Tripod.com