MONTHLY CLIMATOLOGICAL SUMMARY for MAR. 2010

NAME: KF4QFZ - Roger   CITY: Bartlett STATE: Tennessee
ELEV: 338 LAT: 35.210546W LONG: 89.822957N

                            TEMPERATURE ( F), RAIN (in.), WIND SPEED (mph)

                                                 HEAT     COOL           AVG
      MEAN                                       DEG      DEG            WIND                        DOM
DAY   TEMP    HIGH   TIME      LOW     TIME      DAYS     DAYS   RAIN    SPEED    HIGH    TIME       DIR
----------------------------------------------------------------------------------------------------------------------------------------------------------
01    41.4    51.1   13:50    34.7   22:00     23.5     00.0   00.00   06.5     26.5    15:02     NNE
02    37.8    47.7   15:25    30.4   04:14     27.1     00.0   00.00   03.5     21.9    15:25      N 
03    39.4    51.7   14:14    26.6   06:22     25.6     00.0   00.00   02.6     18.4    14:14     NNW
04    42.2    55.6   14:02    29.3   04:02     22.8     00.0   00.00   03.0     18.4    14:00     NNW
05    46.4    59.9   15:17    28.8   05:24     18.5     00.0   00.00   02.5     13.8    14:04     NNE
06    53.2    68.4   15:21    38.6   06:11     11.8     00.0   00.00   04.0     18.4    17:05      NE
07    57.9    73.9   14:11    41.2   06:13     07.1     00.0   00.00   03.5     17.3    17:00     SSW
08    55.0    59.4   22:00    49.5   07:17     09.9     00.0   00.29   09.2     29.9    10:20      S 
09    62.9    74.0   14:20    58.8   00:02     02.1     00.0   00.29   09.1     24.2    21:24     SSE
10    60.8    72.0   13:11    53.1   06:22     04.1     00.0   01.10   07.4     28.8    12:07     SSE
11    51.6    57.8   22:01    46.9   21:24     13.3     00.0   00.21   06.5     19.6    19:17     SSW
12    46.4    49.7   15:05    42.4   06:17     18.6     00.0   00.04   07.0     26.5    15:05      NW
13    49.2    53.6   16:10    45.9   05:10     15.7     00.0   00.00   07.7     24.2    17:27     WNW
14    49.5    54.5   12:22    43.2   07:21     15.5     00.0   00.00   06.7     21.9    03:09      NW
15    48.0    53.6   13:04    41.5   05:27     16.9     00.0   00.00   04.1     17.3    16:02      N 
16    50.3    58.7   15:30    45.7   08:03     14.6     00.0   00.00   06.0     21.9    15:30      N 
17    55.2    65.2   15:00    46.2   07:08     09.7     00.0   00.00   05.5     21.9    16:07     NNW
18    56.4    70.8   15:08    40.6   07:14     08.5     00.0   00.00   03.5     20.7    12:15     NNW
19    58.6    72.5   14:39    47.1   06:19     06.3     00.0   00.00   05.1     23.0    14:20      S 
20    52.4    65.8   08:26    39.9   21:13     12.5     00.0   00.34   08.5     20.7    16:37     SSE
21    44.4    52.3   18:35    38.3   02:41     20.6     00.0   00.08   05.5     18.4    13:37      S 
27    47.6    52.0   15:00    40.1   06:12     17.4     00.0   00.00   04.2     21.9    19:06     
28    52.5    61.1   15:44    43.5   07:14     12.5     00.0   00.00   06.1     21.9    15:12      NW
29    56.9    72.1   15:26    40.6   07:05     08.1     00.0   00.00   03.8     19.6    16:39     NNW
30    65.8    79.9   15:52    52.3   06:45     00.0     00.9   00.00   08.4     28.8    15:54      S 
31    64.3    66.4   22:03    62.6   23:54     00.7     00.0   00.00   03.7     10.4    23:54      S 
----------------------------------------------------------------------------------------------------------------------------------------------------------
51.8 (52.1)   79.9  day 31     26.6  day 04   343.2    000.9   02.06   05.5     29.9   day 31     WNW
Min <=  86: 26
Max Rain: 1.10 ON 10-03-10
Days of Rain: 7 (> .008in) 6 (> .08in) 1 (> 0.8in)

Make your own free website on Tripod.com