MONTHLY CLIMATOLOGICAL SUMMARY for MAR. 2011

NAME: KF4QFZ - Roger   CITY: Bartlett STATE: Tennessee
ELEV: 338 LAT: 35.210546W LONG: 89.822957N

                            TEMPERATURE ( F), RAIN (in.), WIND SPEED (mph)

                                               HEAT     COOL           AVG
      MEAN                                     DEG      DEG            WIND                       DOM
DAY   TEMP    HIGH   TIME     LOW    TIME      DAYS     DAYS    RAIN   SPEED    HIGH    TIME      DIR
----------------------------------------------------------------------------------------------------------------------------------------------------------
01    46.7   067.6   15:26    31.8   06:55     18.2     00.0   00.00   02.4     13.8    00:59      N 
02    58.4   072.5   14:49    41.7   06:11     06.5     00.0   00.00   06.1     21.9    14:59     NNE
03    61.6   067.8   12:18    58.3   18:03     03.4     00.0   00.34   11.3     32.2    21:50     SSE
04    49.9   059.5   01:30    39.2   22:00     15.0     00.0   01.05   10.6     34.5    23:09     SSE
05    38.3   040.5   13:38    36.5   07:30     26.7     00.0   00.00   07.7     31.1    00:21      N 
06    43.8   054.3   16:00    36.1   05:41     21.1     00.0   00.00   05.0     16.1    02:11      N 
07    49.8   054.9   13:17    46.9   01:45     15.1     00.0   00.17   09.7     28.8    13:03     ESE
08    52.0   056.7   12:10    44.6   22:00     12.9     00.0   00.34   07.9     27.6    22:55     SSE
09    43.2   048.2   16:24    37.6   22:00     21.8     00.0   00.00   07.5     25.3    07:45      NW
10    46.7   063.3   15:55    29.8   06:25     18.2     00.0   00.00   04.5     19.6    16:27     NNW
11    58.0   070.5   15:26    45.3   06:40     06.9     00.0   00.00   06.2     25.3    16:16      S 
12    60.0   066.9   16:37    53.6   22:00     04.9     00.0   00.04   02.4     11.5    19:31      S 
13    51.4   060.1   15:15    45.0   21:30     13.5     00.0   00.46   06.2     19.6    02:22     NNE
14    43.2   046.2   16:29    39.6   07:22     21.7     00.0   00.00   05.5     18.4    03:17      N 
15    50.9   066.7   16:43    34.9   07:33     14.1     00.0   00.00   02.6     14.9    16:15     WNW
16    63.5   077.5   15:48    50.5   07:05     01.4     00.0   00.00   10.0     35.6    13:40      S 
17    68.8   077.7   15:57    60.4   07:39     00.0     03.9   00.00   07.3     21.9    14:36      S 
18    63.2   071.4   15:56    56.1   08:39     01.8     00.0   00.00   05.4     16.1    13:54     SSW
19    69.3   083.5   15:03    56.3   07:27     00.0     04.4   00.00   06.2     27.6    14:11     NNE
20    70.1   079.3   15:57    61.5   04:35     00.0     05.2   00.00   07.1     28.8    11:28      S 
21    70.2   077.9   14:53    63.9   07:47     00.0     05.2   00.00   10.5     29.9    12:41     SSW
22    71.0   078.6   16:53    65.3   07:20     00.0     06.1   00.00   12.3     32.2    23:45      S 
23    53.2   067.1   22:01    43.7   22:00     11.8     00.0   00.00   08.2     28.8    23:59      SW
24    45.6   056.7   17:07    36.3   06:47     19.4     00.0   00.00   05.0     16.1    10:49      N 
25    46.2   048.9   13:28    43.3   06:46     18.7     00.0   00.29   06.0     19.6    14:51     ENE
26    41.6   045.3   23:20    37.9   09:01     23.3     00.0   00.25   06.7     21.9    15:23     NNE
27    47.6   057.9   16:57    39.7   03:47     17.3     00.0   00.04   05.6     18.4    11:10     NNE
28    50.6   057.0   15:28    44.1   03:15     14.3     00.0   00.00   03.1     16.1    00:46     NNE
29    43.7   048.7   22:01    39.7   08:38     21.2     00.0   00.13   06.8     21.9    07:12     ENE
30    47.8   057.9   14:08    40.5   06:57     17.2     00.0   00.00   03.6     18.4    16:29      N 
31    47.1   047.3   22:30    46.9   23:54     17.9     00.0   00.00   00.6     08.1    22:09      NW
----------------------------------------------------------------------------------------------------------------------------------------------------------
53.3 (53.8)   83.5  day 20     29.8  day 11   384.4    024.8   03.54   06.5     35.7   day 17     SSE
Min <=  86: 31
Max Rain: 1.05 ON 4-03-11
Days of Rain: 10 (> .008in) 8 (> .08in) 1 (> 0.8in)

Make your own free website on Tripod.com