MONTHLY CLIMATOLOGICAL SUMMARY for MAR. 2012

NAME: KF4QFZ - Roger   CITY: Bartlett STATE: Tennessee
ELEV: 338 LAT: 35.210546W LONG: 89.822957N

                            TEMPERATURE ( F), RAIN (in.), WIND SPEED (mph)

                                               HEAT     COOL           AVG
      MEAN                                     DEG      DEG            WIND                       DOM
DAY   TEMP    HIGH   TIME     LOW    TIME      DAYS     DAYS    RAIN   SPEED    HIGH    TIME      DIR
----------------------------------------------------------------------------------------------------------------------------------------------------------
01    64.5   081.3   13:25    40.5   06:35     00.5     00.0   00.00   09.7     49.5    09:38     SSE
02    47.0   057.7   14:13    35.2   06:27     17.9     00.0   00.00   07.0     27.6    17:28      SW
03    49.4   061.2   16:28    34.9   06:54     15.5     00.0   00.00   05.8     27.6    15:10     NNW
04    50.7   057.4   23:12    41.8   07:38     14.2     00.0   00.00   05.9     21.9    00:06     WSW
05    56.6   070.9   15:09    44.8   02:12     08.3     00.0   00.00   10.8     28.8    16:15     NNE
06    63.0   072.9   15:44    54.3   06:34     01.9     00.0   00.00   12.0     31.1    12:52     SSE
07    58.0   070.2   13:05    40.1   21:59     06.9     00.0   00.84   12.4     38.0    13:20     SSE
08    47.7   060.1   15:24    38.3   07:15     17.2     00.0   00.00   06.5     27.6    09:38     SSE
09    51.4   065.5   16:00    37.9   06:34     13.5     00.0   00.00   02.9     19.6    10:07     NNE
10    56.8   065.5   14:53    48.0   03:20     08.1     00.0   00.22   07.4     21.9    16:33     ENE
11    66.2   075.6   16:13    59.9   00:54     00.0     01.3   00.09   10.9     27.6    15:53     SSE
12    69.4   079.7   15:02    62.2   06:09     00.0     04.5   00.00   07.4     21.9    14:38      S 
13    70.2   083.5   13:45    58.3   07:31     00.0     05.2   00.00   05.3     24.1    14:56      S 
14    72.9   082.9   15:56    65.5   02:24     00.0     08.0   00.00   06.9     25.3    15:02      S 
15    66.6   072.7   18:29    61.7   11:48     00.0     01.7   02.16   04.1     19.6    08:08      S 
16    67.8   077.5   12:01    58.8   05:56     00.0     02.9   00.00   03.9     21.9    13:48      S 
17    71.3   082.2   14:54    62.4   07:36     00.0     06.4   00.00   05.5     21.9    14:52      S 
18    73.5   083.1   15:00    65.8   07:32     00.0     08.5   00.00   08.0     27.6    17:42      S 
19    73.6   084.6   15:18    62.4   07:24     00.0     08.6   00.00   09.8     39.1    15:07     SSE
20    71.3   075.0   22:05    67.8   07:59     00.0     06.3   00.00   10.9     27.6    13:52     SSE
21    63.0   072.1   16:20    52.7   07:13     01.9     00.0   00.47   05.6     32.2    00:13      SE
22    64.3   070.9   14:32    59.4   07:20     00.6     00.0   00.00   07.7     25.3    10:48      SE
23    63.3   073.2   17:58    51.8   05:34     01.7     00.0   00.00   04.3     23.0    16:56     SSW
24    66.1   074.7   15:51    57.4   07:19     00.0     01.2   00.00   03.8     20.7    15:54      NW
25    65.7   077.9   15:50    52.7   07:10     00.0     00.8   00.00   02.0     14.9    15:17     NNW
26    70.5   083.7   15:35    55.8   07:25     00.0     05.5   00.00   03.8     18.4    13:04     NNE
27    72.6   084.7   15:03    61.7   06:26     00.0     07.7   00.00   03.3     19.6    14:02     SSE
28    71.5   083.1   16:29    59.5   07:16     00.0     06.6   00.00   02.3     17.3    15:27     SSW
29    67.4   074.5   16:59    61.9   05:21     00.0     02.5   00.09   02.8     14.9    16:55     SSW
30    72.7   086.5   15:55    60.6   07:03     00.0     07.8   00.00   01.9     14.9    16:16     SSE
31    71.5   073.0   22:02    69.4   23:54     00.0     06.5   00.00   00.2     00.0    23:00      SW
----------------------------------------------------------------------------------------------------------------------------------------------------------
64.4 (64.5)   86.5  day 31     34.9  day 04   108.3    091.9   04.23   06.2     49.5   day 02      S 
Max >=  86: 1
Min <=  86: 31
Max Rain: 2.16 ON 15-03-12
Days of Rain: 6 (> .008in) 6 (> .08in) 2 (> 0.8in)

Make your own free website on Tripod.com