MONTHLY CLIMATOLOGICAL SUMMARY for MAY. 2010

NAME: KF4QFZ - Roger   CITY: Bartlett STATE: Tennessee
ELEV: 338 LAT: 35.210546W LONG: 89.822957N

                            TEMPERATURE ( F), RAIN (in.), WIND SPEED (mph)

                                                 HEAT     COOL           AVG
      MEAN                                       DEG      DEG            WIND                        DOM
DAY   TEMP    HIGH   TIME      LOW     TIME      DAYS     DAYS   RAIN    SPEED    HIGH    TIME       DIR
----------------------------------------------------------------------------------------------------------------------------------------------------------
01    72.9    77.7   15:02    67.2   05:51     00.0     08.0   00.04   05.5     26.5    01:40     SSE
02    73.5    85.3   14:09    58.3   06:52     00.0     08.6   00.00   02.2     16.1    16:23     WSW
03    75.4    88.3   14:30    58.8   06:46     00.0     10.4   00.00   02.4     17.3    18:55     WSW
04    78.3    89.1   15:05    64.2   06:13     00.0     13.3   00.00   04.6     24.2    12:21      S 
05    78.9    91.2   14:32    64.8   06:23     00.0     13.9   00.00   03.5     19.6    15:26      S 
06    79.0    89.4   15:00    69.3   06:45     00.0     14.1   00.00   08.3     29.9    21:36      SE
07    64.4    72.7   22:01    54.9   06:54     00.5     00.0   00.00   06.9     26.5    01:33     SSW
08    58.7    65.8   16:28    51.8   07:25     06.2     00.0   00.00   03.2     17.3    11:34     NNW
09    55.5    59.5   22:08    51.4   10:28     09.4     00.0   00.67   05.4     28.8    15:09      NE
10    71.5    83.3   16:09    57.4   22:50     00.0     06.6   00.00   08.4     26.5    12:14     ESE
11    78.4    86.2   15:38    70.0   06:43     00.0     13.4   00.00   07.1     21.9    15:13     SSE
12    79.9    87.8   14:54    73.2   05:51     00.0     14.9   00.00   07.2     21.9    15:31     SSE
13    77.7    89.8   14:01    68.0   22:00     00.0     12.8   00.42   02.6     18.4    14:33      S 
14    74.9    84.9   12:40    66.2   03:45     00.0     09.9   00.00   01.2     12.7    08:33      SW
15    71.6    80.8   16:17    64.6   21:52     00.0     06.7   01.69   02.3     33.4    19:14      N 
16    69.2    78.3   14:15    62.6   03:20     00.0     04.3   00.00   03.4     18.4    15:38     NNW
17    64.3    69.8   22:02    59.2   06:24     00.7     00.0   00.00   02.5     17.3    13:48      NW
18    69.2    79.7   09:24    56.3   06:21     00.0     04.2   00.00   01.6     11.5    21:23      NW
19    71.7    81.1   11:50    63.0   06:32     00.0     06.8   00.04   05.6     18.4    13:06      NE
20    74.4    84.6   16:13    67.1   05:42     00.0     09.5   00.00   03.3     17.3    17:35      SE
21    79.8    91.8   15:19    68.4   06:07     00.0     14.9   00.00   02.5     16.1    16:49     SSW
22    85.2    94.1   09:59    73.4   06:27     00.0     20.3   00.00   02.4     15.0    14:29     SSE
23    77.1    95.4   10:22    68.7   22:00     00.0     12.2   02.91   01.5     29.9    12:50      S 
24    70.4    86.3   09:51    63.3   06:21     00.0     05.5   00.00   00.3     10.4    09:12      E 
25    78.8    90.7   10:47    69.3   06:15     00.0     13.9   00.00   01.0     15.0    17:52     ENE
26    78.2    88.2   14:54    67.6   06:16     00.0     13.3   00.00   02.7     16.1    13:56      W 
27    79.4    87.4   14:44    68.9   06:33     00.0     14.5   00.00   03.5     18.4    15:55     NNW
28    77.5    86.9   16:15    70.3   06:34     00.0     12.5   00.17   02.1     16.1    17:32     NNW
29    78.2    87.6   10:53    68.4   06:28     00.0     13.3   00.00   03.3     12.7    15:18      E 
30    78.3    90.2   13:01    71.1   06:44     00.0     13.3   00.25   02.6     18.4    12:39     ESE
31    74.9    75.9   22:04    74.1   23:54     00.0     09.9   00.00   00.0     00.0    23:54      SE
----------------------------------------------------------------------------------------------------------------------------------------------------------
74.1 (74.4)   95.4  day 24     51.4  day 10   016.9    300.8   11.37   03.5     33.4   day 24     SSE
Max >=  86: 17
Min <=  86: 31
Max Rain: 2.91 ON 23-05-10
Days of Rain: 8 (> .008in) 6 (> .08in) 2 (> 0.8in)

Make your own free website on Tripod.com