MONTHLY CLIMATOLOGICAL SUMMARY for MAY. 2012

NAME: KF4QFZ - Roger   CITY: Bartlett STATE: Tennessee
ELEV: 338 LAT: 35.210546W LONG: 89.822957N

                            TEMPERATURE ( F), RAIN (in.), WIND SPEED (mph)

                                               HEAT     COOL           AVG
      MEAN                                     DEG      DEG            WIND                       DOM
DAY   TEMP    HIGH   TIME     LOW    TIME      DAYS     DAYS    RAIN   SPEED    HIGH    TIME      DIR
----------------------------------------------------------------------------------------------------------------------------------------------------------
01    80.5   091.9   14:49    68.9   05:35     00.0     15.6   00.00   05.5     29.9    19:13      N 
05    80.8   096.1   14:12    67.6   06:34     00.0     15.8   00.00   04.3     18.4    11:24     
06    69.8   083.5   22:03    65.3   09:21     00.0     04.8   02.02   03.8     25.3    22:17      SE
07    71.3   078.1   12:45    65.8   06:23     00.0     06.3   00.00   03.7     18.4    17:48      SE
08    71.4   078.3   14:19    61.7   06:42     00.0     06.4   00.00   04.6     24.2    15:20     ENE
09    69.1   079.9   09:37    54.5   06:33     00.0     04.2   00.00   02.2     15.0    15:10     NNW
10    69.6   078.8   12:04    56.7   04:10     00.0     04.6   00.00   03.4     24.2    22:28     NNW
11    67.0   071.4   14:18    64.0   10:21     00.0     02.1   00.00   02.7     18.4    14:14      N 
12    65.6   073.8   17:17    61.5   07:23     00.0     00.7   00.00   03.9     16.1    12:50      E 
13    70.0   080.4   16:13    57.7   06:28     00.0     05.1   00.00   03.4     18.4    15:52     NNE
14    73.3   083.3   12:30    61.0   06:23     00.0     08.4   00.00   01.4     12.7    11:09     NNW
15    76.7   089.1   14:38    60.3   06:37     00.0     11.7   00.00   02.2     17.3    13:22      N 
16    76.4   087.6   15:24    63.0   06:17     00.0     11.5   00.00   02.2     13.8    17:09      NE
17    80.5   093.6   13:13    64.2   06:21     00.0     15.6   00.00   01.8     12.7    12:08      NW
18    81.7   093.0   13:22    67.6   06:18     00.0     16.7   00.00   03.1     17.3    13:34     NNW
19    81.6   093.9   13:23    67.1   06:10     00.0     16.6   00.00   02.5     18.4    19:45     ESE
20    73.1   081.7   12:56    65.8   06:29     00.0     08.1   00.00   05.9     20.7    17:28      SE
21    70.3   078.8   16:41    58.5   06:42     00.0     05.4   00.00   04.2     19.6    15:08      NW
22    74.7   087.8   10:00    55.4   05:57     00.0     09.7   00.00   02.1     13.8    18:51     NNW
23    80.9   092.3   13:52    66.7   05:22     00.0     15.9   00.00   05.7     26.5    16:49     ESE
24    84.6   093.7   14:02    73.0   06:08     00.0     19.7   00.00   05.2     25.3    11:24     SSE
25    85.4   096.6   14:11    70.7   06:20     00.0     20.5   00.00   02.6     17.3    14:20     SSE
26    85.3   097.2   13:34    69.8   06:25     00.0     20.4   00.00   01.6     15.0    17:56      S 
27    86.6   097.5   11:28    73.4   06:08     00.0     21.7   00.00   02.2     16.1    14:07     SSE
28    87.3   098.1   14:02    74.7   06:29     00.0     22.4   00.00   02.6     18.4    15:52     SSE
29    79.0   093.2   10:49    67.1   06:20     00.0     14.0   00.00   03.1     24.2    10:56     NNW
30    73.9   089.6   14:08    64.4   05:54     00.0     09.0   01.75   02.5     26.5    14:52     NNE
31    68.0   068.0   23:24    67.8   23:54     00.0     03.0   00.00   00.0     00.0    23:00      SE
----------------------------------------------------------------------------------------------------------------------------------------------------------
76.2 (75.7)   98.1  day 29     54.5  day 10   000.0    316.1   04.63   03.2     29.9   day 20     ENE
Max >=  86: 16
Min <=  86: 28
Max Rain: 2.02 ON 6-05-12
Days of Rain: 2 (> .008in) 2 (> .08in) 2 (> 0.8in)

Make your own free website on Tripod.com