MONTHLY CLIMATOLOGICAL SUMMARY for JUN. 2010

NAME: KF4QFZ - Roger   CITY: Bartlett STATE: Tennessee
ELEV: 338 LAT: 35.210546W LONG: 89.822957N

                            TEMPERATURE ( F), RAIN (in.), WIND SPEED (mph)

                                                 HEAT     COOL           AVG
      MEAN                                       DEG      DEG            WIND                        DOM
DAY   TEMP    HIGH   TIME      LOW     TIME      DAYS     DAYS   RAIN    SPEED    HIGH    TIME       DIR
----------------------------------------------------------------------------------------------------------------------------------------------------------
01    83.8    94.2   13:58    70.7   06:23     00.0     18.9   00.00   02.2     19.6    15:38      E 
02    80.9    92.8   14:19    71.8   20:02     00.0     15.9   00.72   03.6     21.9    18:24     SSE
03    78.7    89.8   14:38    71.1   04:30     00.0     13.8   00.00   02.1     17.3    15:38     SSE
04    81.0    90.1   10:20    72.0   06:10     00.0     16.1   00.00   02.8     21.9    10:30     SSE
05    81.0    89.1   14:56    73.9   06:10     00.0     16.0   00.00   04.2     18.4    17:06      S 
06    80.5    91.9   09:46    66.4   05:43     00.0     15.6   00.00   01.5     15.0    16:58      NW
07    82.4    93.0   15:24    73.6   05:42     00.0     17.5   00.00   03.5     16.1    19:46      E 
08    85.5    92.7   15:17    76.3   22:00     00.0     20.6   00.00   05.2     18.4    10:40     SSE
09    79.4    90.1   16:18    72.5   07:00     00.0     14.5   00.00   02.5     16.1    18:46     SSW
10    80.9    89.1   16:57    75.6   04:17     00.0     15.9   00.00   05.0     21.9    11:32      SE
11    86.8    96.4   09:50    75.6   06:10     00.0     21.9   00.00   03.3     21.9    09:46     SSE
12    88.5    100.0   09:51    76.1   06:32     00.0     23.6   00.00   02.0     13.8    17:57     SSW
13    88.6    99.9   09:49    77.0   06:12     00.0     23.6   00.00   02.8     17.3    18:09      SW
14    89.3    99.7   10:29    76.5   06:12     00.0     24.3   00.00   03.4     20.7    14:53      SW
15    87.6    97.7   14:29    76.0   06:13     00.0     22.6   00.00   02.6     17.3    23:35     SSW
16    86.3    98.8   12:42    75.4   06:18     00.0     21.4   00.00   02.0     16.1    17:40      SW
17    85.1    99.2   11:23    75.4   06:13     00.0     20.2   00.38   02.2     19.6    16:09      SE
18    86.7    98.1   13:14    75.4   05:38     00.0     21.8   00.00   02.3     16.1    14:32     SSE
19    89.8    99.5   09:58    76.8   06:20     00.0     24.9   00.00   01.4     11.5    15:20     NNW
20    90.1    101.3   10:31    75.2   06:07     00.0     25.1   00.00   01.7     12.7    15:11     ENE
21    90.5    101.8   10:01    75.9   06:15     00.0     25.6   00.00   02.2     11.5    18:20      E 
22    88.4    95.9   15:26    77.7   06:33     00.0     23.5   00.00   05.0     16.1    15:51      SE
23    88.2    98.8   10:27    78.4   06:11     00.0     23.3   00.00   03.3     25.3    18:44     SSE
24    85.3    100.8   10:35    76.5   06:03     00.0     20.3   00.13   01.9     25.3    15:43     WSW
25    83.2    98.4   10:17    75.0   06:18     00.0     18.2   00.00   02.3     16.1    13:43      S 
26    87.1    97.9   12:09    73.6   06:18     00.0     22.2   00.00   04.7     19.6    12:01     SSE
27    87.6    97.5   09:52    79.0   06:38     00.0     22.7   00.00   03.9     32.2    19:15      S 
28    83.1    92.5   12:14    77.0   06:21     00.0     18.2   00.00   02.1     16.1    21:52     WNW
29    81.4    89.4   13:27    72.7   06:47     00.0     16.5   00.00   04.3     15.0    18:32      N 
30    77.6    79.0   22:01    76.3   23:54     00.0     12.7   00.00   03.9     12.7    22:41      N 
----------------------------------------------------------------------------------------------------------------------------------------------------------
84.8 (85.0)   101.8  day 22     66.4  day 07   000.0    597.3   01.30   03.0     32.2   day 24      S 
Max >=  86: 29
Min <=  86: 30
Max Rain: 0.72 ON 2-06-10
Days of Rain: 3 (> .008in) 3 (> .08in) 0 (> 0.8in)

Make your own free website on Tripod.com