MONTHLY CLIMATOLOGICAL SUMMARY for JUL. 2010

NAME: KF4QFZ - Roger   CITY: Bartlett STATE: Tennessee
ELEV: 338 LAT: 35.210546W LONG: 89.822957N

                            TEMPERATURE ( F), RAIN (in.), WIND SPEED (mph)

                                                 HEAT     COOL           AVG
      MEAN                                       DEG      DEG            WIND                        DOM
DAY   TEMP    HIGH   TIME      LOW     TIME      DAYS     DAYS   RAIN    SPEED    HIGH    TIME       DIR
----------------------------------------------------------------------------------------------------------------------------------------------------------
01    81.4    91.6   15:42    66.0   06:40     00.0     16.4   00.00   03.6     16.1    16:14      NE
02    85.0    97.2   11:37    69.6   06:15     00.0     20.1   00.00   03.7     19.6    16:54      NE
03    86.3    96.1   12:47    73.9   06:19     00.0     21.3   00.00   03.8     17.3    10:44      SE
04    86.2    96.4   11:08    71.4   06:32     00.0     21.2   00.00   03.3     13.8    17:47      SE
05    87.4    97.2   09:38    76.8   06:31     00.0     22.4   00.00   03.9     17.3    21:35      SE
06    83.9    95.5   15:20    73.9   06:03     00.0     19.0   00.00   02.6     13.8    16:56      SE
07    88.2    97.5   14:08    76.3   06:15     00.0     23.3   00.00   02.7     15.0    17:22      SE
08    83.9    92.5   12:15    77.5   06:27     00.0     19.0   00.00   03.0     20.7    13:34     WNW
09    82.8    92.3   16:29    75.0   06:29     00.0     17.8   00.00   02.8     13.8    14:41      NW
10    85.8    95.9   15:10    75.6   06:24     00.0     20.9   00.00   04.1     19.6    16:52     NNW
11    78.0    90.5   14:39    69.8   09:40     00.0     13.1   02.86   03.1     26.5    06:11     SSW
12    80.0    90.5   16:13    72.3   08:30     00.0     15.1   00.88   02.3     19.6    03:43     SSW
13    87.4    96.8   16:07    76.4   02:44     00.0     22.4   00.00   02.2     15.0    17:25      W 
14    89.2    99.0   09:35    77.9   06:19     00.0     24.2   00.00   02.0     13.8    16:42      W 
15    83.9    94.8   13:21    75.7   22:00     00.0     19.0   00.00   02.6     21.9    16:54      NW
16    81.8    91.0   11:25    73.8   05:39     00.0     16.9   00.08   03.4     13.8    14:15      N 
17    84.9    92.5   16:56    76.3   06:48     00.0     19.9   00.00   04.4     18.4    16:20     SSE
18    85.8    95.7   13:03    73.6   06:58     00.0     20.8   00.00   04.2     18.4    17:11     SSW
19    86.5    93.7   12:40    76.6   06:33     00.0     21.5   00.00   04.9     20.7    13:52     SSW
20    88.8    97.7   10:25    78.6   05:44     00.0     23.9   00.00   02.3     32.2    12:04     SSW
21    89.6    99.1   10:07    78.4   06:25     00.0     24.7   00.00   03.0     16.1    15:31      SW
22    88.4    98.4   09:48    75.9   06:16     00.0     23.5   00.00   02.7     16.1    17:05     SSW
23    89.1    99.0   11:29    76.6   06:25     00.0     24.2   00.00   02.2     15.0    17:31     SSW
24    88.2    95.2   14:27    81.4   05:47     00.0     23.3   00.00   02.1     12.7    14:57      SW
25    86.4    97.3   13:30    76.1   22:00     00.0     21.4   00.25   02.4     17.3    17:31     NNW
26    79.6    90.7   15:45    71.4   05:33     00.0     14.7   00.17   02.2     29.9    22:43      SE
27    84.1    92.3   13:38    75.7   06:28     00.0     19.2   00.00   04.2     16.1    16:08      S 
28    86.5    95.3   15:35    78.1   06:35     00.0     21.6   00.00   03.4     25.3    18:50      SW
29    87.6    97.2   10:49    77.2   06:33     00.0     22.6   00.00   02.4     13.8    18:23     WNW
30    89.8    98.2   15:16    78.3   06:42     00.0     24.9   00.00   02.4     16.1    15:17      NW
31    86.9    87.8   22:01    86.0   23:49     00.0     21.9   00.00   00.0     00.0    23:49     WNW
----------------------------------------------------------------------------------------------------------------------------------------------------------
85.6 (85.3)   99.1  day 22     66.0  day 02   000.0    640.1   05.10   03.0     32.2   day 26     SSW
Max >=  86: 31
Min <=  86: 31
Max Rain: 2.86 ON 11-07-10
Days of Rain: 5 (> .008in) 5 (> .08in) 2 (> 0.8in)

Make your own free website on Tripod.com