MONTHLY CLIMATOLOGICAL SUMMARY for AUG. 2010

NAME: KF4QFZ - Roger   CITY: Bartlett STATE: Tennessee
ELEV: 338 LAT: 35.210546W LONG: 89.822957N

                            TEMPERATURE ( F), RAIN (in.), WIND SPEED (mph)

                                                 HEAT     COOL           AVG
      MEAN                                       DEG      DEG            WIND                        DOM
DAY   TEMP    HIGH   TIME      LOW     TIME      DAYS     DAYS   RAIN    SPEED    HIGH    TIME       DIR
----------------------------------------------------------------------------------------------------------------------------------------------------------
01    88.1    98.6   13:38    76.3   06:34     00.0     23.2   00.00   02.8     14.9    17:16      N 
02    93.0    104.0   13:23    81.9   06:27     00.0     28.0   00.00   01.6     27.6    09:44     ENE
03    93.3    104.9   14:07    81.5   06:18     00.0     28.4   00.00   01.6     17.3    16:05     WSW
04    87.8    97.0   09:19    80.2   22:00     00.0     22.9   00.29   02.4     18.4    10:46      S 
05    81.9    90.0   14:33    76.1   05:51     00.0     17.0   00.00   02.6     28.8    05:49      NW
06    84.8    94.3   14:48    73.4   06:55     00.0     19.9   00.00   02.7     13.8    07:36      N 
07    88.1    97.0   14:11    77.2   06:27     00.0     23.1   00.00   01.9     27.6    00:07     ENE
08    87.3    97.0   12:12    81.3   07:08     00.0     22.4   00.00   01.3     13.8    14:24      NE
09    83.5    95.5   15:49    77.3   10:35     00.0     18.5   01.18   01.3     21.9    17:34      S 
10    87.6    98.1   10:48    76.6   06:37     00.0     22.7   00.00   00.8     12.7    19:51     ESE
11    90.2    100.0   12:03    79.5   06:35     00.0     25.3   00.00   01.6     24.1    20:42      NE
12    88.2    98.4   12:29    77.0   06:44     00.0     23.3   00.00   01.0     11.5    15:45     ENE
13    91.0    100.0   14:52    80.6   06:55     00.0     26.0   00.00   02.1     13.8    09:33      NE
14    90.3    98.4   14:28    80.8   06:48     00.0     25.3   00.00   03.0     17.3    22:56     WSW
15    84.9    90.9   16:43    78.3   07:15     00.0     19.9   00.00   05.0     31.1    22:41     NNW
16    82.1    92.8   15:32    72.5   06:31     00.0     17.2   00.00   04.2     14.9    16:48     NNW
17    83.5    92.8   16:05    77.7   06:10     00.0     18.6   00.00   02.4     61.0    00:15      NE
18    87.3    97.2   16:07    76.3   06:49     00.0     22.4   00.00   02.4     16.1    20:17     NNE
19    89.0    97.9   15:47    77.9   06:41     00.0     24.0   00.00   03.3     18.4    19:19     ENE
20    90.9    99.9   14:04    81.3   07:01     00.0     25.9   00.00   05.2     18.4    11:09      S 
21    84.1    93.2   15:38    72.1   01:16     00.0     19.2   00.80   03.4     21.9    00:59      SW
22    84.3    92.0   16:19    75.0   06:57     00.0     19.3   00.00   03.1     16.1    14:00      N 
23    80.1    88.7   13:45    68.5   06:48     00.0     15.1   00.00   03.2     19.6    20:19      N 
24    78.8    86.4   13:08    70.9   07:01     00.0     13.8   00.00   04.1     17.3    13:23      N 
25    76.9    85.8   14:44    66.0   06:54     00.0     12.0   00.00   05.2     17.3    12:37     NNW
26    77.1    88.4   14:54    63.7   06:53     00.0     12.2   00.00   02.7     18.4    12:21     NNW
28    76.6    91.2   12:06    69.1   06:55     00.0     11.7   00.04   02.9     12.7    18:26     
29    78.3    88.5   15:18    72.1   04:32     00.0     13.3   00.00   05.1     21.9    17:15     ESE
30    82.1    91.0   13:01    72.1   06:57     00.0     17.2   00.00   04.2     13.8    17:48      SE
31    78.6    79.8   22:01    78.1   23:54     00.0     13.7   00.00   05.8     06.9    23:54      SE
----------------------------------------------------------------------------------------------------------------------------------------------------------
85.0 (85.0)   104.9  day 04     63.7  day 27   000.0    601.5   02.32   08.6     61.0   day 29     NNE
Max >=  86: 28
Min <=  86: 30
Max Rain: 1.18 ON 9-08-10
Days of Rain: 4 (> .008in) 3 (> .08in) 2 (> 0.8in)

Make your own free website on Tripod.com