MONTHLY CLIMATOLOGICAL SUMMARY for AUG. 2011

NAME: KF4QFZ - Roger   CITY: Bartlett STATE: Tennessee
ELEV: 338 LAT: 35.210546W LONG: 89.822957N

                            TEMPERATURE ( F), RAIN (in.), WIND SPEED (mph)

                                               HEAT     COOL           AVG
      MEAN                                     DEG      DEG            WIND                       DOM
DAY   TEMP    HIGH   TIME     LOW    TIME      DAYS     DAYS    RAIN   SPEED    HIGH    TIME      DIR
----------------------------------------------------------------------------------------------------------------------------------------------------------
01    90.7   101.8   14:49    75.9   06:18     00.0     25.8   00.00   02.4     32.2    10:45      NE
02    95.1   108.7   13:54    80.1   06:20     00.0     30.1   00.00   03.1     17.3    15:59      NE
03    90.9   101.8   11:25    82.0   22:00     00.0     25.9   00.00   04.0     24.1    15:26      SW
04    80.2   094.8   09:55    76.3   22:00     00.0     15.3   00.59   01.2     14.9    10:52     NNW
05    87.1   100.8   16:33    73.2   06:28     00.0     22.1   00.04   03.7     17.3    18:21     ESE
06    91.3   100.9   15:09    82.0   06:59     00.0     26.4   00.00   04.5     24.1    12:41      S 
07    87.9   098.6   11:10    77.2   06:29     00.0     22.9   00.00   03.8     24.1    00:00     WSW
08    83.8   091.8   15:38    72.0   07:28     00.0     18.9   00.08   04.0     20.7    04:13      NW
09    82.5   090.1   09:20    74.1   06:36     00.0     17.6   00.00   02.0     29.9    15:05      NW
10    81.9   091.0   14:20    75.4   05:53     00.0     16.9   00.00   02.8     17.3    11:05     NNW
11    85.2   097.5   14:57    72.7   06:58     00.0     20.2   00.00   02.2     14.9    14:27      NW
12    79.6   089.5   13:26    71.1   05:05     00.0     14.6   00.00   03.4     27.6    22:37     NNW
13    79.9   085.6   16:40    74.5   06:47     00.0     14.9   00.00   03.8     21.9    13:07      NW
14    76.3   086.2   14:07    64.2   07:00     00.0     11.4   00.00   02.4     14.9    14:29     NNW
15    79.3   089.6   15:54    65.8   06:52     00.0     14.4   00.00   02.2     13.8    14:56      N 
16    81.2   093.0   16:34    70.7   07:55     00.0     16.3   00.55   01.7     11.5    15:16      N 
17    78.5   084.6   17:14    71.4   10:58     00.0     13.6   00.08   01.4     18.4    10:37      SE
18    79.6   089.8   17:10    69.1   06:53     00.0     14.6   00.00   01.4     14.9    08:05      SW
19    82.4   092.7   11:39    73.2   06:42     00.0     17.4   00.00   01.8     28.8    11:48     SSE
20    81.6   092.5   16:21    72.9   07:14     00.0     16.7   00.29   02.0     21.9    00:41      E 
21    85.5   095.0   13:58    75.6   06:38     00.0     20.5   00.00   01.7     12.7    14:34      NW
22    87.2   098.7   14:03    75.7   06:53     00.0     22.2   00.00   01.8     16.1    16:38     NNW
23    79.8   084.0   16:55    76.7   06:24     00.0     14.9   00.00   01.6     21.9    06:53     ESE
24    82.0   094.8   14:09    69.6   06:55     00.0     17.0   00.00   02.6     14.9    16:19      SW
25    82.1   090.1   14:15    72.0   07:02     00.0     17.2   00.00   04.4     19.6    14:15      NW
26    80.9   091.0   15:35    68.5   06:52     00.0     16.0   00.00   03.1     18.4    15:22     NNW
27    80.8   089.9   14:52    70.5   06:58     00.0     15.9   00.00   03.3     18.4    17:44     NNW
28    77.9   089.2   14:25    67.3   06:13     00.0     13.0   00.00   02.3     14.9    16:02     NNW
29    83.5   097.7   14:44    69.4   04:26     00.0     18.5   00.00   02.4     13.8    10:53     NNW
30    86.3   101.1   15:45    73.2   06:53     00.0     21.4   00.00   02.2     12.7    14:05     ESE
31    83.5   084.7   22:04    82.0   23:54     00.0     18.5   00.00   00.0     00.0    23:00      SE
----------------------------------------------------------------------------------------------------------------------------------------------------------
83.4 (83.4)   108.7  day 03     64.2  day 15   000.0    571.2   01.90   02.6     32.2   day 20     NNW
Max >=  86: 27
Min <=  86: 31
Max Rain: 0.59 ON 4-08-11
Days of Rain: 6 (> .008in) 5 (> .08in) 0 (> 0.8in)

Make your own free website on Tripod.com