MONTHLY CLIMATOLOGICAL SUMMARY for SEP. 2010

NAME: KF4QFZ - Roger   CITY: Bartlett STATE: Tennessee
ELEV: 338 LAT: 35.210546W LONG: 89.822957N

                            TEMPERATURE ( F), RAIN (in.), WIND SPEED (mph)

                                                 HEAT     COOL           AVG
      MEAN                                       DEG      DEG            WIND                        DOM
DAY   TEMP    HIGH   TIME      LOW     TIME      DAYS     DAYS   RAIN    SPEED    HIGH    TIME       DIR
----------------------------------------------------------------------------------------------------------------------------------------------------------
01    83.7    96.3   15:27    72.0   06:29     00.0     18.7   00.00   02.6     16.1    15:59      SE
02    78.1    84.4   15:42    70.0   22:00     00.0     13.2   00.00   04.4     21.9    11:03     SSW
03    70.6    81.1   15:27    57.2   06:50     00.0     05.7   00.00   02.6     17.3    13:39     NNW
04    72.8    86.9   16:15    55.8   06:50     00.0     07.9   00.00   02.3     14.9    14:52     NNW
05    79.2    94.3   16:10    62.2   06:51     00.0     14.3   00.00   03.3     18.4    10:58     ENE
06    81.0    92.5   11:27    75.7   22:00     00.0     16.0   00.00   03.8     18.4    15:21     SSE
07    76.6    82.0   14:26    72.3   08:06     00.0     11.6   00.00   01.2     10.3    09:49     WNW
08    79.1    87.4   16:10    72.5   06:33     00.0     14.2   00.00   03.5     18.4    17:50      N 
09    85.4    95.7   15:24    76.1   07:12     00.0     20.4   00.00   04.2     21.9    17:10     ESE
10    80.6    86.7   16:45    75.2   06:36     00.0     15.7   00.00   02.7     19.6    10:56     SSW
11    76.4    86.0   16:07    66.6   07:11     00.0     11.4   00.00   03.3     17.3    13:54      NW
12    74.4    89.1   15:06    59.0   07:04     00.0     09.5   00.00   01.9     14.9    14:36      N 
13    76.7    93.2   13:40    61.3   07:01     00.0     11.7   00.00   02.3     13.8    14:28      NE
14    82.8    88.4   19:02    75.0   22:18     00.0     17.9   00.00   00.2     08.1    19:26     
15    81.4    94.1   12:57    69.6   07:09     00.0     16.4   00.00   03.5     19.6    11:27      NW
16    78.7    89.1   14:44    69.4   07:17     00.0     13.8   00.00   02.9     18.4    13:01     WNW
17    78.0    93.9   15:29    63.0   07:21     00.0     13.1   00.00   01.6     28.8    12:24     NNE
18    77.5    95.7   14:19    60.8   07:25     00.0     12.5   00.00   01.5     13.8    15:27      NE
19    82.5    98.1   14:39    67.5   07:03     00.0     17.6   00.00   01.7     19.6    06:36     NNE
20    83.6    97.5   14:58    69.3   07:07     00.0     18.6   00.00   02.8     21.9    16:40     ENE
21    82.5    95.7   15:18    70.0   07:19     00.0     17.6   00.00   02.7     18.4    11:04     SSW
22    83.3    94.8   15:50    71.8   07:12     00.0     18.4   00.00   03.8     31.1    22:24     SSW
23    81.5    93.4   13:59    73.2   07:25     00.0     16.6   00.00   04.5     18.4    16:23     SSE
24    74.6    82.4   13:45    68.5   08:33     00.0     09.6   00.00   03.1     19.6    17:22     WSW
25    65.8    72.5   15:25    59.2   04:57     00.0     00.9   00.00   04.9     21.9    17:07     NNW
26    63.6    75.4   15:04    54.9   06:07     01.3     00.0   00.00   05.3     19.6    15:04     NNW
27    65.5    77.7   14:36    52.5   07:04     00.0     00.5   00.00   01.7     16.1    12:35     NNW
28    67.3    79.7   14:31    54.5   07:24     00.0     02.4   00.00   02.2     16.1    13:26     NNW
29    68.5    83.1   15:41    53.8   07:13     00.0     03.6   00.00   04.2     20.7    14:52      N 
30    68.4    70.3   22:01    66.6   23:54     00.0     03.5   00.00   03.5     06.9    23:54     NNW
----------------------------------------------------------------------------------------------------------------------------------------------------------
76.7 (76.9)   98.1  day 20     52.5  day 28   001.3    353.1   00.00   07.5     31.1   day 03     NNW
Max >=  86: 20
Min <=  86: 30
Max Rain: 0.00 ON 0-09-10
Days of Rain: 0 (> .008in) 0 (> .08in) 0 (> 0.8in)

Make your own free website on Tripod.com