YEARLY CLIMATOLOGICAL SUMMARY for Oct 2012

NAME: KF4QFZ - Roger   CITY: Bartlett STATE: Tennessee
ELEV: 338 LAT: 35.210546W LONG: 89.822957N

                            TEMPERATURE ( F), RAIN (in.), WIND SPEED (mph)

                                                 HEAT     COOL           AVG
      MEAN                                       DEG      DEG            WIND                        DOM
MTH   TEMP    HIGH   TIME      LOW     TIME      DAYS     DAYS   RAIN    SPEED    HIGH    TIME       DIR
----------------------------------------------------------------------------------------------------------------------------------------------------------
01    45.8    70.3   11:33    22.5   07:38    580.0     000.0   01.43    06.5     47.2    23:51      SW
02    47.7    77.0   14:40    21.0   07:14    502.5    002.9   02.23    05.8     47.2    23:59      SW
03    64.2    86.5   15:55    34.9   06:54    113.9    096.2   04.23    06.4     49.5    23:59      S 
04    65.9    87.3   12:32    41.5   06:58    080.1    107.5   01.19    04.6     43.7    23:59      S 
05    76.7    98.1   14:02    54.5   06:33     000.0    331.2   04.63    03.4     29.9    23:55      S 
06    81.3    103.6   15:50    58.1   06:06    000.1    489.9   01.94    03.1     39.1    23:59      S 
07    86.2    103.8   13:22    69.1   06:28     000.0    675.5   01.12    03.4     33.4    23:59      S 
08    82.1    101.1   11:35    61.2   06:34     000.0    515.9   00.00    03.4     32.2    21:43      S 
09    73.2    99.0   16:35    50.0   07:03    006.8    260.1   05.42    02.7     61.0    23:49      S 
10    58.1    82.6   15:02    36.9   07:57    203.1    022.4   02.56    03.9     35.7    23:59      S 
-------------------------------------------------------------------------------------------------------------------------------------------------------------
      68.4    103.8            21.0             1486.5    2501.7   24.75    4.3     21.7                S 

Max >=  90.0: 114
Max <=  32.0: 0
Min <=  32.0: 297
Min <=   0.0: 0
Max >=  90.0: 114
Max <=  32.0: 0
Min <=  32.0: 297
Min <=   0.0: 0
Max <= 23.0: 0
Min <=  23.0: 2
Max <=  14.0: 0
Min <=  14.0: 0
Max <=   5.0: 0
Min <=   0.0: 0
Max <=  -4.0: 0
Min <=  -4.0: 0
Max <= -13.0: 0
Min <= -13.0: 0
Max Rain: 0.00 ON 31-01-12
Days of Rain: 53 (> .008in) 46 (> .08in) 7 (> 0.8in)

Make your own free website on Tripod.com